is divided by g?
19
Suppose 2*p - 250 = -5*x, 0 = -0*x + 2*x - 2*p - 86. Calculate the remainder when x is divided by 17.
14
Let n = 5 + -1. Calculate the remainder when 7 is divided by n.
3
Let u(f) = 14*f**2 + f - 1. Suppose -6*b + b = -25. What is the remainder when u(1) is divided by b?
4
Let n = -1667 + 2351. Calculate the remainder when (n/(-27))/((-2)/3) is divided by 13.
12
Let y be (-4)/(-10) - 78/(-30). Suppose 0 = y*g - 0*g - 3. Calculate the remainder when 2 is divided by g.
0
Let t = 15 - 14. What is the remainder when 2 is divided by t?
0
Let w(z) = 5*z + 5. Let c(j) = j**2 - 2*j - j**2 - 2 + j**2. Let s be c(4). What is the remainder when w(s) is divided by 18?
17
Suppose -2*w - 2*w = -40. What is the remainder when 37 is divided by w?
7
Let c = -4 - -6. Suppose c*b - 5 = -i, 0*b + 10 = 2*i + 2*b. Suppose 0 = 6*u - i*u - 5. What is the remainder when 8 is divided by u?
3
Let g(t) = 3*t + 9. Let o = 23 + -14. What is the remainder when g(8) is divided by o?
6
Let q(n) = -n**3 + 6*n**2 - n. Suppose 0 = -5*d + 10, -2*c = -5*d + d. What is the remainder when q(c) is divided by 10?
8
Suppose -1 = n - 11. Calculate the remainder when 25 is divided by n.
5
Calculate the remainder when 0 + -6*27/(-6) is divided by 15.
12
Let j(u) = -14*u + 3. Let m(c) = 7*c - 1. Let s(p) = 2*j(p) + 5*m(p). What is the remainder when 15 is divided by s(1)?
7
Let d(h) = -39*h. Let f be d(-3). Let j = f + -65. Calculate the remainder when j is divided by 18.
16
Let n be 2/(-3) - (-8)/12. Suppose n = -4*w + 35 + 5. What is the remainder when w is divided by 6?
4
Let v(i) = i + 10. Let u be v(-6). Suppose -72 = u*c + 248. Calculate the remainder when 25 is divided by c/(-6) + 1/(-3).
12
Let c(k) = -k**3 - k**2 - k + 25. Let g be c(0). Let i = g + -52. Let a = i + 38. Calculate the remainder when a is divided by 6.
5
Suppose -4*u - 2*t + 22 = -0*t, 0 = -3*u + 3*t - 6. Suppose u*j - y + 28 = -15, -y = -4*j - 58. Let m = 21 + j. Calculate the remainder when 16 is divided by m.
4
Suppose 5*i = z - 35, -2*z - 3*i + 3 = -z. Let v(k) = k - 10. Let h be v(7). Let q = z + h. What is the remainder when q is divided by 7?
5
Suppose 0 = -4*h + 29 + 11. Let i = h - 7. Suppose -2*c = -c - i. Calculate the remainder when 5 is divided by c.
2
Let i be (-1448)/22 + (-4)/22. Let j = i + 97. What is the remainder when j is divided by 16?
15
Calculate the remainder when 20 is divided by -5*(1 + (-18)/10).
0
Suppose 2*s - 2 = -0, -z + 47 = s. What is the remainder when z is divided by 12?
10
Suppose -11 + 116 = 3*g. Calculate the remainder when g is divided by 12.
11
Suppose 0 = 4*c - 1 - 7. Suppose 0 = -6*w + c*w + 12. Calculate the remainder when 4 is divided by w.
1
Let g(n) = 4*n**2 - 2*n - 2. Suppose d - z + 5*z + 14 = 0, z + 4 = 0. Suppose -5*x + 5 = 5*i, d*x + 3*x = 15. What is the remainder when 34 is divided by g(i)?
16
Let c(o) = -o**3 + 3*o**2 - 6*o + 1. Let p be c(4). Let n = 57 + p. Let t(l) = -36*l - 3. What is the remainder when t(-2) is divided by n?
15
Suppose 2*i - 32 = -7*f + 4*f, 4*f - 41 = -i. Let m = f + -2. Calculate the remainder when m is divided by 5.
3
Suppose 48 = -3*g + 5*k + 115, -2*k = -3*g + 79. Let j(i) = -15*i**3 - i**2 + 3*i + 4. Calculate the remainder when g is divided by j(-1).
14
Let s = 3 + 27. What is the remainder when s is divided by 16?
14
Let h(y) = y**3 + 19*y**2 - 3*y - 23. What is the remainder when 101 is divided by h(-19)?
33
Suppose -5*g + 22 = -3. Suppose -3*m - o = 2*o - 258, 0 = g*m + 2*o - 418. Suppose 4*i - m = 2*i. Calculate the remainder when i is divided by 21.
20
Suppose -8 - 4 = 2*r. Let v be ((-8)/2)/(r/3). Suppose v*g = 3*d - 7*d + 12, -g + 3 = -d. Calculate the remainder when 10 is divided by g.
2
Let i = 69 + -55. What is the remainder when 96 is divided by i?
12
Let c(u) = -9*u**3 - u - 1. What is the remainder when 33 is divided by c(-1)?
6
Let o = -2 + 3. Suppose 2*x - 6 = 2. Let n = x + o. Calculate the remainder when 14 is divided by n.
4
Let p(g) = -154*g**3 - g**2. Calculate the remainder when p(-1) is divided by 39.
36
Let d(z) = 3*z - 10. Let w be d(-8). Let v = 71 + w. Calculate the remainder when v is divided by 13.
11
Let i(p) = -2*p - 6. Let c be i(-6). Let x be 2/(c/3) + -50. Let r = -34 - x. Calculate the remainder when 29 is divided by r.
14
Let t(o) = o. Let s be t(-1). Let u(p) = -22*p. Let j = -208 + 273. Calculate the remainder when j is divided by u(s).
21
Let g be 1 + (0 - -2) + -16. Let q = -1 + 2. What is the remainder when 43 is divided by 1 + q + (0 - g)?
13
Let s be (0 - -7)/(2/(-10)). Suppose -14*d + 13*d - 5*y + 35 = 0, 4*y = 16. Calculate the remainder when s/2*(-16)/10 is divided by d.
13
Let l(b) = -b**3 + 15*b**2 - 23*b + 14. What is the remainder when l(13) is divided by 14?
11
Suppose -28 = -3*x + 20. What is the remainder when 79 is divided by x?
15
Let n be ((-40)/15)/(2/(-3)). Suppose 5*o - x = 29 + 47, 0 = n*o + 2*x - 72. Calculate the remainder when 63 is divided by o.
15
Suppose 5*y = 3*u + 158, 8*u + 4 = 4*u. Suppose 2*m - 7*m + 55 = 0. What is the remainder when y is divided by m?
9
Suppose -5*b = -4*b - 15. What is the remainder when b is divided by 4?
3
Suppose -9*z + 156 = -6*z. Calculate the remainder when z is divided by 11.
8
Let y(g) = 3*g**2 - 13*g + 12. What is the remainder when y(5) is divided by 12?
10
Suppose -d + f = -2*f - 51, f - 3 = 0. Calculate the remainder when d is divided by 22.
16
Let i(f) = -15*f + 9. Suppose p = -4*j - 19, 4*j + 34 - 9 = -3*p. What is the remainder when i(p) is divided by 28?
26
What is the remainder when (-100)/(-1 - -3 - 3) + -4 is divided by 9?
6
Suppose 5*m = -3*l + 56, -5*l - 2*m = -0*m - 68. Suppose s - l = -2*s. Suppose k + 0*k = -1, -z + s*k = -11. Calculate the remainder when z is divided by 3.
1
Suppose -16 - 19 = -5*l. Suppose 0 = 12*h - 188 - 136. Calculate the remainder when h is divided by l.
6
Suppose 4*q - 104 = y - 3*y, -2*q + 152 = 3*y. Calculate the remainder when y is divided by 27.
23
Suppose 2*b - 5*o - 24 = 0, 0 = -5*o - 8 - 2. Calculate the remainder when 13 is divided by b.
6
What is the remainder when 66 is divided by (4*(3 + (-44)/(-16)))/1?
20
Let y = -4 + 14. Suppose -4*u + 5*b + 106 = -93, 107 = 2*u - 5*b. Suppose 5*q + 9 = -2*g + u, 4*q = g + 14. Calculate the remainder when y is divided by g.
4
Suppose -j = 5, 2*c + j = -0 - 3. Suppose -24 = -3*y - 4*a, 3*y - 3*a + c = y. Calculate the remainder when 13 is divided by y.
1
Suppose 4*y - 47 = 3*v, -v + 0*v - 29 = -3*y. What is the remainder when 30 is divided by y?
6
Let y(n) = n**2 - 2*n - 2. Calculate the remainder when 62 is divided by y(-4).
18
Calculate the remainder when ((-2)/(-6))/((-18)/(-2322)) is divided by 11.
10
Suppose -4*v + 17 = 5*g - 41, -4*g = 2*v - 44. What is the remainder when g is divided by 3?
1
Let b(g) = -g**3 - g**2 + 32. Suppose -6*v = -v. Calculate the remainder when b(v) is divided by 7.
4
Suppose 4*m - 28 + 2 = -5*d, 10 = 2*m + 4*d. Calculate the remainder when 79 is divided by m.
7
Let k = -20 - -39. Calculate the remainder when k is divided by 11.
8
Suppose 0 = 2*n - 1 - 45. Calculate the remainder when 68 is divided by n.
22
Let q(j) = -j**2 + 6*j - 5. Let x be q(3). Suppose 9*c - x*c = 90. What is the remainder when 33 is divided by c?
15
Suppose -5*s - 5*c = -3 - 7, 4 = 2*s + c. Calculate the remainder when 3 - (-3)/((-3)/(-14)) is divided by (-4)/5*(-15)/s.
5
What is the remainder when 90/3 + -3 - 1 is divided by 14?
12
Let q(s) = 3*s**2 - s + 2. Let d(c) = c**2 - 7*c + 1. What is the remainder when q(-2) is divided by d(8)?
7
Suppose 5*i = -3*v + 344, v - i - 2*i - 138 = 0. Calculate the remainder when v is divided by 31.
30
Let k = -102 + 130. Calculate the remainder when 82 is divided by k.
26
Suppose -3*v - 7 = -d, 3*d = v - 3*v + 10. Let s = v + 1. Suppose 4*q + s*q = 76. What is the remainder when 37 is divided by q?
18
Let i = -21 + 10. Let n = -8 - i. Calculate the remainder when n is divided by 2.
1
Let f = -176 + 246. Suppose h + 119 = 4*m, -5*m = -4*h - 76 - f. Let p = 8 + 8. What is the remainder when m is divided by p?
14
Let o = 120 + -105. Suppose -3*x + j + 81 = 0, 4*x - 19 = -2*j + 99. What is the remainder when x is divided by o?
13
Suppose -2*i + 12 = -40. What is the remainder when i is divid